-6*k**3 - 136*k**2 + 167*k - 741. Calculate m(-24).
-141
Let j(q) = -469586*q + 2347943. What is j(5)?
13
Let t(p) = -4089*p**2 + 8190*p - 19. Calculate t(2).
5
Let v(w) = -12861*w - 128662. Give v(-10).
-52
Let l(y) = 113*y - 1969. Give l(16).
-161
Let k(z) = -5*z**3 - 40*z**2 - 2*z + 24. Calculate k(0).
24
Let y(r) = r**3 + 2*r**2 + 1489*r + 5958. Determine y(-4).
-30
Let b(a) = -a**3 - 16*a**2 + 736*a + 494. Determine b(18).
2726
Let r(q) = 16*q**2 - 6535*q + 19613. What is r(3)?
152
Let r(t) = 2897*t**3 - 109*t**2 - 114*t - 4. Give r(-1).
-2896
Let u(a) = -6*a**2 - 78*a + 1184. Give u(9).
-4
Let o(h) = -8780*h + 5908938. What is o(673)?
-2
Let v(l) = -l**3 - 8*l**2 - 7937*l - 55428. What is v(-7)?
82
Let w(n) = 49*n**2 - 87*n + 1060. Determine w(7).
2852
Let q(m) = -m**3 + 16*m**2 + 305*m - 4189. Determine q(21).
11
Let v(w) = 20*w**2 + 208*w + 544. Give v(-5).
4
Let z(j) = -500*j**2 + 3458*j + 206. What is z(7)?
-88
Let a(u) = 207*u**2 + 583*u - 21. Determine a(0).
-21
Let n(x) = -x**3 - 74*x**2 - 1196*x - 57. What is n(-24)?
-153
Let f(c) = c**3 - 56*c**2 + 16*c + 2202. Determine f(55).
57
Let j(v) = 22*v**2 - 26*v + 27. Determine j(9).
1575
Let j(y) = -10*y**3 + 689*y**2 + 27*y + 2891. What is j(69)?
-7
Let d(j) = 9*j**3 - 449*j**2 - 37*j - 647. Determine d(50).
3
Let n(j) = -58*j - 1044. Calculate n(-17).
-58
Let v(o) = -11*o**2 + 113*o + 3. Give v(13).
-387
Let x(z) = z**3 - 9*z**2 + 5278*z - 63773. Calculate x(12).
-5
Let x(b) = 232385*b + 8365858. Determine x(-36).
-2
Let w(d) = -d**3 + 45*d**2 - 488*d + 1389. Calculate w(10).
9
Let t(x) = 8*x**3 - 113*x**2 + 45*x - 371. Determine t(12).
-2279
Let x(a) = 117*a**2 - 251*a + 640. Determine x(3).
940
Let f(j) = 3004*j + 5982. Calculate f(-2).
-26
Let u(s) = 1045*s + 4712. Calculate u(-4).
532
Let q(y) = -3*y**2 + 622*y - 10516. Determine q(189).
-121
Let d(y) = 2*y**2 - 2726*y + 851655. Determine d(485).
-5
Let k(m) = -1081*m**2 - 1284226*m + 2372. What is k(-1188)?
-4
Let m(i) = -3*i**2 - 11420*i - 34. Calculate m(0).
-34
Let i(d) = -2686*d**2 - 137025*d - 1975. Give i(-51).
14
Let n(k) = 1087*k**2 - 132*k + 185. Determine n(2).
4269
Let g(r) = 268*r + 25862. Give g(-102).
-1474
Let g(l) = 3*l**2 - 321*l + 8508. Determine g(49).
-18
Let y(w) = 5*w**3 + 103*w**2 - 23*w - 72. Calculate y(-21).
-471
Let p(s) = -s**2 + 1462*s - 136195. Determine p(100).
5
Let r(g) = g**3 + 973*g**2 - 172277*g - 157. Give r(153).
-4
Let l(x) = -x**3 - 21*x**2 + 394*x + 7828. What is l(-17)?
-26
Let h(b) = -b**3 - 254*b**2 - 980*b + 74. Give h(-4).
-6
Let p(x) = -3*x**3 - 180*x**2 - 1528*x - 91677. What is p(-60)?
3
Let b(w) = -2835*w - 79392. What is b(-28)?
-12
Let a(j) = -j**3 - 292*j**2 - 19612*j + 2417. Calculate a(-105).
2
Let k(m) = 6493*m + 155773. Calculate k(-24).
-59
Let h(w) = 87275*w - 6371079. Give h(73).
-4
Let x(b) = -357*b + 3278. Determine x(11).
-649
Let t(s) = 51*s**2 + 35*s - 16. What is t(2)?
258
Let p(l) = -277*l - 8124. What is p(-29)?
-91
Let g(d) = -2*d**2 - 130233*d - 4295507. Determine g(-33).
4
Let s(u) = 1749278*u + 8746387. Determine s(-5).
-3
Let o(p) = 7613*p + 91160. Determine o(-12).
-196
Let u(s) = -78*s - 1555. Give u(-12).
-619
Let t(p) = -1111*p + 754. What is t(1)?
-357
Let q(u) = u**2 + 339551*u - 3056070. What is q(9)?
-30
Let z(k) = -3169*k - 6268. Calculate z(-2).
70
Let o(f) = -2*f**3 - 428*f**2 + 8*f + 1349. Calculate o(-214).
-363
Let p(r) = -3*r**3 - 101*r**2 - 749*r - 17. Determine p(-11).
-6
Let a(z) = -z**2 + 126*z + 194933. Give a(-383).
-14
Let k(c) = 5*c**2 - 179*c + 1641. Give k(10).
351
Let j(v) = -618*v - 21092. Give j(-33).
-698
Let b(h) = -1716936*h - 3433896. Determine b(-2).
-24
Let u(v) = -v**2 - 214*v + 261. Give u(0).
261
Let h(c) = 24641*c - 74017. Calculate h(3).
-94
Let u(x) = -144*x + 9489. Calculate u(67).
-159
Let n(i) = -i**2 - 135*i - 2492. Determine n(-22).
-6
Let d(f) = -51*f**3 - 863*f**2 + 73*f - 108. Determine d(-17).
-193
Let m(y) = -y**2 - 297*y - 9919. Determine m(-38).
-77
Let n(w) = 6*w**3 - 632*w**2 - 1943*w + 28. Give n(-3).
7
Let p(o) = -65*o**3 - o**2 - 1076*o + 1075. Determine p(1).
-67
Let w(j) = -12628*j + 151331. Determine w(12).
-205
Let g(u) = -126*u**2 - 4372*u + 15775. Give g(-38).
-33
Let z(m) = -178*m**2 + 19319*m + 28716. Determine z(110).
6
Let y(a) = 87104*a + 696043. Calculate y(-8).
-789
Let f(i) = i**3 - 101*i**2 - 414*i + 89. Calculate f(105).
719
Let v(f) = f**3 - 34*f**2 - f + 335. What is v(34)?
301
Let i(g) = g**2 + 93*g - 103168. Determine i(278).
-30
Let n(t) = -3212*t + 122059. What is n(38)?
3
Let a(b) = 529*b + 17360. Determine a(-19).
7309
Let n(q) = 5173*q + 263815. What is n(-51)?
-8
Let o(y) = -y**3 - 13*y**2 + 292*y + 21. Determine o(11).
329
Let m(f) = -3*f**3 - 134*f**2 + 5516*f - 111. What is m(26)?
-7
Let h(f) = f**2 + 1145*f - 4551. Calculate h(4).
45
Let w(t) = -16*t**2 - 330*t - 1308. Determine w(-8).
308
Let b(z) = 3*z**3 + 239*z**2 - 66*z + 720. What is b(-80)?
-400
Let f(z) = 27*z**2 + 565*z + 2053. Calculate f(-6).
-365
Let y(g) = -1511*g + 364098. Calculate y(241).
-53
Let j(o) = -1261*o - 503149. What is j(-399)?
-10
Let q(v) = -580085*v - 8701276. Determine q(-15).
-1
Let x(o) = 3686*o - 51654. Calculate x(14).
-50
Let u(f) = -93207*f - 93705. Calculate u(-1).
-498
Let y(j) = -83*j**2 - 23436*j + 46869. What is y(2)?
-335
Let u(a) = -a**3 - 203*a**2 - 786*a - 245263. Give u(-205).
-83
Let i(g) = -g**3 - 24*g**2 - 127*g + 107. What is i(-7)?
163
Let b(o) = 8931*o + 26952. Determine b(-3).
159
Let c(h) = 3*h**2 - 183*h + 351. Calculate c(59).
-3
Let y(l) = 86*l - 465. Give y(-2).
-637
Let x(a) = 53*a**2 + 7883*a - 2096. Calculate x(-149).
-10
Let t(k) = -k**2 - 49774*k + 248890. Calculate t(5).
-5
Let n(y) = 1033*y - 762362. Give n(738).
-8
Let u(t) = t**2 - 89*t + 1566. Determine u(21).
138
Let k(i) = -2*i**2 - 300*i + 6361. Determine k(-166).
1049
Let f(c) = 3*c**3 - 6*c**2 - 19*c + 68. Give f(4).
88
Let y(x) = x**3 + 158*x**2 - 45*x - 7905. Determine y(-158).
-795
Let z(m) = m**3 + 32*m**2 - 61*m - 1192. Calculate z(-32).
760
Let o(v) = v**2 - 839*v + 156240. Give o(279).
0
Let d(c) = 2025*c**2 - 14135*c + 12. What is d(7)?
292
Let w(z) = 16*z**2 - 1567*z - 416. Give w(98).
-318
Let l(n) = -n**3 - 43*n**2 + 86*n + 770. Determine l(-44).
-1078
Let c(f) = -9619*f**2 - 57696*f + 6. What is c(-6)?
-102
Let s(u) = 4601*u + 18679. Determine s(-4).
275
Let j(x) = -42795*x + 256817. Give j(6).
47
Let f(m) = 6*m**3 - 69*m**2 + 70*m - 656. Give f(11).
-249
Let m(x) = -2548*x + 110812. What is m(44)?
-1300
Let p(x) = -9*x**2 + 1333*x - 5301. Calculate p(144).
27
Let j(h) = h**3 - 72*h**2 - 1686*h - 5715. Calculate j(-15).
0
Let s(a) = -3206*a - 827054. Give s(-258).
94
Let k(n) = -n**2 - 167*n - 4502. What is k(-73)?
2360
Let j(b) = -703*b - 233790. Calculate j(-333).
309
Let w(x) = -4025*x**2 - 100625*x + 12. Determine w(-25).
12
Let v(c) = 953*c + 6952. What is v(-7)?
281
Let q(y) = 2*y**2 + 2262*y + 59654. Calculate q(-27).
38
Let x(o) = -2*o**2 + 98*o + 368. Calculate x(65).
-1712
Let o(c) = -444*c + 40482. Determine o(93).
-810
Let k(s) = -16*s**2 + 48702*s + 97414. Determine k(-2).
-54
Let j(r) = -4446*r + 368835. Give j(83).
-183
Let s(x) = -1556283*x + 14006542. Determine s(9).
-5
Let c(i) = -419*i + 18435. Calculate c(44).
-1
Let x(l) = 3151*l + 22152. Calculate x(-7).
95
Let w(p) = 4*p**2 + 53*p - 167. Give w(-14).
-125
Let g(h) = -h**3 - 653*h**2 - 25091*h + 6. Determine g(-41).
-35
Let h(m) = m**3 - 149*m**2 + 2252*m - 1054. What is h(132)?
2
Let r(k) = 3562*k + 35103. Determine r(-10).
-517
Let p(c) = 51912*c + 674874. Give p(-13).
18
Let b(v) = 145956*v + 1021656. What is b(-7)?
-36
Let k(f) = -5503*f - 148580. What is k(-27)?
1
Let c(q) = -q**3 - 91*q**2 + 2627*q + 226. Determine c(-114).
-344
Let j(v) = -v**2 + 40*v + 4485. Give j(-50).
-15
Let b(f) = f**2 + 468*f + 14795. Determine b(-34).
39
Let r(f) = f**2 + 141*f + 4582. Give r(-62).
-316
Let w(d) = -4*d**3 + 60*d**2 - 272*d + 377. Determine w(8).
-7
Let j(s) = 4620*s + 32336. Determine j(-7).
-4
Let i(c) = 1025*c - 168084. Determine i(164).
16
Let v(t) = 105*t - 936. What is v(5)?
-411
Let z(g) = 7*g**2 + 2265*g - 5505. Calculate z(-326).
37
Let c(r) = 4*r**2 - 369*r + 85. Determine c(15).
-4550
Let c(n) = -35*n*